 14?
True
Is 10231 a multiple of 213?
False
Is 8860 a multiple of 12?
False
Is 36 a factor of 309?
False
Does 15 divide 1412?
False
Does 19 divide 9026?
False
Does 72 divide 4896?
True
Is 4981 a multiple of 146?
False
Is 132000 a multiple of 100?
True
Does 42 divide 3192?
True
Is 4636 a multiple of 10?
False
Does 87 divide 348?
True
Is 2320 a multiple of 14?
False
Does 13 divide 1300?
True
Is 55 a factor of 27995?
True
Does 10 divide 23100?
True
Does 130 divide 41990?
True
Is 14134 a multiple of 69?
False
Does 13 divide 279?
False
Does 54 divide 463?
False
Is 14 a factor of 22176?
True
Does 42 divide 504?
True
Is 34 a factor of 1836?
True
Is 2088 a multiple of 12?
True
Is 1876 even?
True
Does 27 divide 1928?
False
Does 35 divide 7735?
True
Is 28775 a multiple of 71?
False
Is 4828 a multiple of 22?
False
Is 119 a factor of 10948?
True
Does 7 divide 3738?
True
Is 115 even?
False
Is 260 a multiple of 65?
True
Does 19 divide 198?
False
Is 21 a factor of 1050?
True
Is 8 a factor of 14741?
False
Is 24 a factor of 32889?
False
Is 2 a factor of 5829?
False
Is 8236 a multiple of 90?
False
Does 31 divide 504?
False
Is 71 a factor of 9372?
True
Does 77 divide 399?
False
Is 51 a factor of 953?
False
Is 1717 a multiple of 17?
True
Does 7 divide 931?
True
Does 19 divide 6821?
True
Is 17608 a multiple of 8?
True
Does 35 divide 598?
False
Is 17 a factor of 491?
False
Is 14 a factor of 43764?
True
Does 56 divide 7896?
True
Does 14 divide 231?
False
Does 14 divide 4550?
True
Does 10 divide 1497?
False
Is 83 a factor of 1821?
False
Is 65302 a multiple of 37?
False
Does 6 divide 456?
True
Does 355 divide 3195?
True
Is 260 a multiple of 10?
True
Is 1273 a multiple of 52?
False
Does 6 divide 12293?
False
Is 75 a factor of 8400?
True
Is 10912 a multiple of 124?
True
Is 5677 a multiple of 19?
False
Does 10 divide 1390?
True
Does 83 divide 2759?
False
Is 96 a factor of 2003?
False
Is 320 a multiple of 40?
True
Is 45360 a multiple of 126?
True
Does 63 divide 105210?
True
Does 50 divide 312?
False
Is 636 a multiple of 47?
False
Does 11 divide 339?
False
Does 6 divide 1278?
True
Does 10 divide 550?
True
Is 2756 a multiple of 122?
False
Is 6 a factor of 116?
False
Is 5818 a multiple of 41?
False
Does 33 divide 2937?
True
Is 171 even?
False
Does 55 divide 2255?
True
Does 28 divide 21420?
True
Is 591 a multiple of 21?
False
Is 107683 a multiple of 23?
False
Does 4 divide 349?
False
Is 636 a multiple of 24?
False
Is 6 a multiple of 3?
True
Is 2109 a multiple of 19?
True
Is 3243 a multiple of 23?
True
Does 4 divide 140?
True
Does 24 divide 3142?
False
Is 6 a factor of 371?
False
Is 36 a factor of 177?
False
Is 19 a factor of 39656?
False
Is 40 a factor of 24986?
False
Is 102 a factor of 2212?
False
Is 20284 a multiple of 22?
True
Is 324 a multiple of 12?
True
Is 44 a factor of 88?
True
Is 402 a multiple of 3?
True
Is 22824 a multiple of 12?
True
Is 13 a factor of 770?
False
Does 15 divide 10015?
False
Does 37 divide 9988?
False
Does 13 divide 3640?
True
Is 3 a factor of 741?
True
Is 7590 a multiple of 46?
True
Does 18 divide 229?
False
Is 3946 a multiple of 77?
False
Is 49 a factor of 681?
False
Is 191 a multiple of 8?
False
Does 23 divide 44367?
True
Is 1008 a multiple of 7?
True
Does 114 divide 26220?
True
Is 797 even?
False
Is 629 a multiple of 10?
False
Is 37 a factor of 1712?
False
Does 29 divide 203?
True
Is 2010 a multiple of 15?
True
Does 12 divide 77?
False
Is 936 a multiple of 72?
True
Does 19 divide 147190?
False
Is 7 a factor of 20505?
False
Is 7 a factor of 175?
True
Does 102 divide 12648?
True
Is 75 even?
False
Is 26 a factor of 99774?
False
Is 6 a factor of 79?
False
Is 31428 a multiple of 27?
True
Is 1042 even?
True
Is 14 a factor of 52500?
True
Is 361 a multiple of 2?
False
Does 10 divide 49350?
True
Is 2 a factor of 172?
True
Is 97 a factor of 2134?
True
Does 3 divide 552?
True
Is 1344 a multiple of 21?
True
Is 73 a multiple of 3?
False
Does 83 divide 46812?
True
Is 40264 a multiple of 110?
False
Is 39909 a multiple of 172?
False
Is 1225 a multiple of 28?
False
Is 248 a multiple of 31?
True
Is 173 a factor of 11591?
True
Is 8 a factor of 37?
False
Does 65 divide 845?
True
Does 13 divide 54546?
False
Is 374 a multiple of 11?
True
Is 276 a multiple of 12?
True
Is 30 a multiple of 7?
False
Is 1176 a multiple of 21?
True
Is 7696 a multiple of 26?
True
Does 10 divide 4168?
False
Does 7 divide 252?
True
Is 33060 a multiple of 15?
True
Is 4 a factor of 60?
True
Is 20 a factor of 1513?
False
Is 20 a factor of 30220?
True
Does 102 divide 831?
False
Is 29 a factor of 24360?
True
Is 447 a multiple of 2?
False
Does 19 divide 67203?
True
Is 59 a factor of 16579?
True
Does 17 divide 2200?
False
Is 157 a factor of 8539?
False
Is 1188 a multiple of 66?
True
Is 1080 a multiple of 45?
True
Is 1118 a multiple of 146?
False
Does 36 divide 900?
True
Does 74 divide 80716?
False
Does 39 divide 117?
True
Is 25 a multiple of 13?
False
Is 1335 a multiple of 108?
False
Is 595 a multiple of 85?
True
Is 1560 a multiple of 30?
True
Is 2912 a multiple of 56?
True
Is 71 a multiple of 4?
False
Does 70 divide 24570?
True
Does 71 divide 1633?
True
Is 46 a factor of 2806?
True
Is 86598 a multiple of 17?
True
Does 26 divide 20324?
False
Is 34016 a multiple of 8?
True
Does 15 divide 876?
False
Is 22 a factor of 660?
True
Does 6 divide 963?
False
Is 16 a multiple of 7?
False
Is 345 a multiple of 29?
False
Is 463 even?
False
Is 2345 a multiple of 94?
False
Is 8 a factor of 2016?
True
Does 32 divide 3206?
False
Does 68 divide 1632?
True
Does 168 divide 14280?
True
Is 83 a factor of 4399?
True
Is 5010 a multiple of 125?
False
Is 6 a factor of 1603?
False
Is 35189 a multiple of 7?
True
Does 19 divide 3496?
True
Is 386 a multiple of 3?
False
Is 66 a factor of 353?
False
Does 9 divide 567?
True
Does 37 divide 185?
True
Is 3888 a multiple of 243?
True
Does 19 divide 859?
False
Is 9 a factor of 10431?
True
Is 16356 a multiple of 29?
True
Is 13 a factor of 1625?
True
Is 24 a factor of 3831?
False
Does 10 divide 866?
False
Does 75 divide 900?
True
Is 11 a factor of 678?
False
Does 150 divide 420?
False
Does 23 divide 1541?
True
Does 22 divide 748?
True
Is 6563 a multiple of 14?
False
Is 18406 a multiple of 14?
False
Is 333 a multiple of 91?
False
Does 127 divide 32180?
False
Does 34 divide 22814?
True
Is 1144 a multiple of 11?
True
Is 16095 a multiple of 29?
True
Is 59 a factor of 6962?
True
Is 54594 a multiple of 40?
False
Is 15 a factor of 17717?
False
Is 11638 a multiple of 23?
True
Is 1419 a multiple of 11?
True
Is 17 a factor of 4368?
False
Does 8 divide 714?
False
Is 44 a factor of 10083?
False
Does 7 divide 536?
False
Is 5785 a multiple of 22?
False
Does 9 divide 235?
False
Is 29 a factor of 2813?
True
Is 1400 a multiple of 28?
True
Is 6 a factor of 533?
False
Does 10 divide 1340?
True
Is 132 a multiple of 17?
False
Is 109098 a multiple of 38?
True
Is 67 a factor of 2342?
False
Is 11 a factor of 922?
False
Is 994 even?
True
Is 8068 a multiple of 107?
False
Is 43 a factor of 25956?
False
Does 26 divide 1422?
False
Is 41 a multiple of 41?
True
Is 141 a multiple of 5?
False
Is 1113 a multiple of 22?
False
Does 13 divide 273?
True
Does 15 divide 1965?
True
Is 1065 a multiple of 7?
False
Does 13 divide 1155?
False
Does 44 divide 8096?
True
Is 8499 a multiple of 14?
False
Is 61 a factor of 3314?
False
Is 3483 a multiple of 103?
False
Is 125 a multiple of 19?
False
Is 235 a multiple of 43?
False
Is 8685 a multiple of 49?
False
Is 11 a factor of 21814?
False
Is 4601 a multiple of 32?
False
Is 10 a factor of 2840?
True
Is 209 a factor of 40546?
True
Is 1025 a multiple of 25?
True
Does 26 divide 29458?
True
Is 1440 a multiple of 20?
True
Does 14 divide 88?
False
Is 16472 a multiple of 116?
True
Is 18 a factor of 17626?
False
Is 1236 a multiple of 53?
False
Is 43 a factor of 2451?
True
Is 89 a factor of 4419?
False
Does 4 divide 762?
False
Does 39 divide 8367?
False
Does 72 divide 266?
False
Does 162 divide 181193?
False
Is 754 a multiple of 48?
False
Is 7 a factor of 1519?
True
Does 29 divide 1015?
True
Is 79 a factor of 9038?
False
Is 44 a factor of 1383?
False
Is 56 a factor of 1120?
True
Is 26377 a multiple of 166?
False
Is 49 a factor of 4833?
False
Is 6 a factor of 600?
True
Is 26 a factor of 15891?